) = -3*a(u) + k(u). Determine r(1).
-7
Let c(p) = -24*p - 24. Let r(o) = 13*o + 14. Let v(a) = 6*c(a) + 11*r(a). Give v(-6).
16
Let d(b) = 2*b. Let s(f) = 15*f - 4. Let u(k) = 14*d(k) - 2*s(k). Let c be ((5/(-1))/20)/(2/(-88)). Suppose -c*w + 13*w - 14 = 0. What is u(w)?
-6
Let m(j) be the third derivative of j**6/120 + 2*j**5/15 + j**4/3 - 7*j**3/2 - 4*j**2 - j + 77. Determine m(-6).
3
Let v(l) = 2*l**3 + l**2 - 2. Suppose 10 = -28*z + 38*z. Let m be (5 + -4)*-1 - (-4 + z). What is v(m)?
18
Let n(o) = 3*o + 11. Let c(a) = -34*a - 137. Let p(z) = c(z) + 11*n(z). Calculate p(-10).
-6
Let n(g) = -3*g + 59. Suppose 3 = -u + 5*u - 45. Determine n(u).
23
Let b be (-64)/56*7/(-2). Let t(w) = -3*w**2 + 13*w - 20. Let v(j) = -8*j**2 + 38*j - 59. Let a(u) = b*v(u) - 11*t(u). Determine a(-11).
6
Let o(f) = -10*f + 329. Suppose -19 = -b - 27*m + 29*m, 3*b - 134 = -5*m. What is o(b)?
-1
Suppose -230 = -14*s + 9*s - z, 2*s + 5*z = 69. Suppose -5*v + 2*h - 232 = 0, v + h = 3*h - 48. Let i = v + s. Let t(k) = -k**2 - k. Determine t(i).
-2
Let f(w) = -12*w + 5. Suppose 5*x + 19*i - 76 = 20*i, 2*i + 67 = 5*x. What is f(x)?
-199
Let f be 1/(((-21)/14)/(-3)). Suppose f*d + 2*o - 6 = 12, -2*d - 5*o = -33. Let m(i) = -2*i - 5. Calculate m(d).
-13
Let c = -5877 + 5872. Let r(q) = 4*q**2 + 6*q + 9. Let b(a) = 17*a**2 + 24*a + 37. Let f(o) = 2*b(o) - 9*r(o). Give f(c).
-27
Let q = 968 - 11. Let t = 964 - q. Let z(h) = -h**3 + 10*h**2 + 2*h - 2. Let r(b) = -b**3 + 9*b**2 + b - 1. Let c(u) = -3*r(u) + 2*z(u). Determine c(t).
6
Let a(f) = f**3 - 98*f**2 - 206*f + 599. Let y be a(100). Let x(d) = 52*d + 3. Calculate x(y).
-49
Suppose -3*s - 266 = -26. Let v = 113 + s. Let b = v - 30. Let y(d) = d**2 - 1. Determine y(b).
8
Let c(v) = v**2 + v + 1. Suppose -10 = -t - 8. Suppose t*i + 8*i = 9*i. Suppose -w + i = 2. What is c(w)?
3
Suppose 2*y = 9*x - 6*x + 15, -2*y = -2*x - 12. Let l(t) = 2*t**2 - 7 + 10 - y*t**2 + 1 + 7*t. What is l(8)?
-4
Let y(n) = -20*n**3 + 3*n**2 - 2. Let i = 17560 - 17559. Calculate y(i).
-19
Let w(f) = -f**3 + 2*f**2 + 47*f + 48. Let q be w(-1). Let o(b) be the first derivative of 7*b**2/2 - 11. Give o(q).
28
Let d(m) = -4*m**2 + 12*m. Let o(h) = -21*h**2 + 48*h - 2. Let a(r) = 5*d(r) - o(r). What is a(-9)?
-25
Let o(s) be the first derivative of s**4/4 + 5*s**3/3 - 2*s + 146. Let c = 24 - 28. Give o(c).
14
Let o be (1690/(-52) - -22)*1/(21/12). Let k(f) = -f - 11. Let a(q) = 1. Let l(w) = 24*a(w) + 3*k(w). Give l(o).
9
Let g(t) = -4*t - 22. Suppose -12*y + 76*y = 3456. Suppose 14*p = -y*p - 408. What is g(p)?
2
Let i(a) = -56*a**3 + 14*a**2 + 15*a + 28. Let f(z) = 37*z**3 - 14*z**2 - 15*z - 30. Let s(g) = -3*f(g) - 2*i(g). What is s(-13)?
8
Let l(z) be the second derivative of z**6/120 - 11*z**5/60 + 5*z**4/12 - 2*z**3/3 + 29*z**2 + 188*z. Let m(s) be the first derivative of l(s). What is m(10)?
-4
Let w be 0 + (8/7 - (-2 - 225/(-105))). Let x(a) = -3*a**3 - 3*a**2 + 7*a - 5. What is x(w)?
-4
Suppose -75*c + 16*c = 361 + 52. Let d(y) = -y**2 + y + 6. What is d(c)?
-50
Let p(s) = s**2 + s - 10. Let m(j) be the first derivative of 25*j**2/2 - 372*j - 41. Let c be m(15). Give p(c).
2
Suppose -4*f + 0*t - 6 = -5*t, -9 = -5*f - 2*t. Let d(y) = -8*y + 16*y + 6 - f - 6*y. Let a(x) = -5*x**2 + x. Let p be a(-1). Give d(p).
-7
Let f(j) = 330*j + 683. Let m be f(-2). Let v(c) = c**2 - 18*c - 113. What is v(m)?
2
Let z be 119/28 + 2/(-8). Let p(l) be the third derivative of -l**4/24 + l**3 + 468*l**2 + 2. Determine p(z).
2
Suppose 65 - 70 = -5*p - 2*a, 4*p = -3*a + 11. Let k(b) = 2*b**2 - 7*b - 8. Let h(t) = t**2 - 6*t - 7. Let u(r) = 6*h(r) - 5*k(r). What is u(p)?
-5
Suppose -66 = 5*y - 168*u + 164*u, 0 = 3*u + 3. Let z(h) = -h**2 - 14*h - 5. What is z(y)?
-5
Let c(u) be the third derivative of 1/3*u**3 - u**2 - 33*u + 5/24*u**4 + 0. Calculate c(-3).
-13
Let o(y) = 181*y - 20818. Let n be o(115). Let v = 0 - -2. Let q(s) = s**2 - 2 - s**3 - 2*s + 6 + 3*s - 4*s**v. Determine q(n).
1
Let x(m) = -m - 10. Let w be x(-7). Let z(g) = 16*g + 14*g + 0*g**2 - 1 + 2*g**2 - 31*g - 3*g**2. Let r be z(w). Let s(d) = d**3 + 6*d**2 - 5*d. What is s(r)?
-14
Let x(h) = -4*h + 2*h + 2*h - 10 - 2*h. Suppose 9*c - 10*c + 72 = -13*t, 2*t = 2*c. Calculate x(c).
2
Let d(w) be the third derivative of -19*w**4/12 - 3*w**3/2 + 786*w**2 - 2*w + 2. Give d(-4).
143
Let u(m) = m - 53. Let p be ((-27)/30)/(324/2160). Give u(p).
-59
Let p be (-26)/(-4) + (-4)/(-8). Let a(y) = 15 - y**3 - 3*y + 7*y + 8*y**2 + 45 - 7*y - 65 - 3*y. Determine a(p).
2
Let b be 3*(73/3 - 23). Let f(w) = -3 - 3*w + 4*w + 2. What is f(b)?
3
Let p(a) = -a + 1. Let j(r) = -r**2 - 6*r - 1. Let u be -5*10/(-25) - 7. Let f be j(u). Suppose 0 = -7*z + 5*z + f. Calculate p(z).
-1
Suppose 1547*q - 1564*q = -187. Let v(i) = -18*i + 197. Give v(q).
-1
Let g(x) = -2*x - 25973 + 25972 + 4*x**2 + x**3 + 0*x. What is g(-4)?
7
Suppose -2*m + f + 104 = 33, m - 3*f - 28 = 0. Let d(l) = -3*l + 114. What is d(m)?
3
Let o(m) be the second derivative of -m**4/12 + 5*m**3/3 - 13*m**2 + 2111*m. Calculate o(7).
-5
Let q(w) be the second derivative of 0 - 90*w - 1/6*w**3 - 1/2*w**2 - 1/20*w**5 + 1/12*w**4. Calculate q(2).
-7
Let j(d) be the second derivative of d**4/3 - 5*d**3/3 - 4*d**2 - 14624*d. Calculate j(4).
16
Let c(i) be the third derivative of 1/20*i**5 - 1/30*i**6 + 32*i**2 - 1 + 1/3*i**3 + 0*i - 1/8*i**4. Calculate c(2).
-24
Let b(x) = x**2 - 18*x - 50. Let j(y) = -1. Let s(n) = b(n) - 5*j(n). Let i be s(20). Let f(r) = -r - 14 - 19 + 28. Calculate f(i).
0
Let b(d) = -d**3 + 4*d**2 + 18*d + 13. Suppose 2*w + 0*w - 5*o - 44 = 0, -2*w - 4 = 3*o. What is b(w)?
-8
Let f(d) = -8*d**2 - 41*d - 1 + 4*d**2 - 62*d + 90*d. What is f(-3)?
2
Let r(p) be the first derivative of -17*p**2/2 + 18*p + 3235. Determine r(5).
-67
Suppose -10 = -5*z + 10. Let s be 1848/294 - (-6)/(-21). Let n(t) = -68*t**2 + s + 200*t**2 - t**3 - 66*t**2 - 62*t**2 - 2*t. Calculate n(z).
-2
Let b(y) = -23*y + 62*y + 102 - 23*y - 25*y. Determine b(12).
-6
Let p(k) = -k**2 - 6*k - 6. Let a(v) = -v**3 - 7*v**2 - 7*v - 6. Let i be a(-6). Suppose f - 47 = -3*n - i*n, f = 2*n + 57. Let g = f + -57. Determine p(g).
2
Suppose 304*x = -198*x - 1310 - 196. Let q(z) = 3*z**2 + 2*z + 1. What is q(x)?
22
Let w(z) = z**3 + 21*z**2 + 36*z - 37. Let s = -669 + 650. Calculate w(s).
1
Let f = -110 - -116. Let c(u) = -7 - f*u - 2*u + 0*u + 3*u. Determine c(-3).
8
Let u(v) be the first derivative of v**5/20 + 19*v**4/12 + 17*v**3/6 - 6*v**2 - 122*v + 76. Let y(f) be the first derivative of u(f). What is y(-18)?
6
Let v be ((-228)/(-133))/((-4)/(-168)). Suppose -v + 116 = -4*n. Let b(r) = -r**3 - 12*r**2 - 9*r + 4. What is b(n)?
-18
Suppose 5*c - 25 = 5*i, -2*c - 7 + 17 = -3*i. Let n = 1 + i. Suppose 0 = -p - n - 1. Let x(q) = 2*q**2 + q. Give x(p).
6
Let d(a) = 3*a**2 + 3. Let x(n) = -10*n**2 - 25*n - 70. Let s(z) = -3*d(z) - x(z). Give s(-22).
-5
Let x(n) = -5*n + 12. Let w be x(2). Let j be 1/w*(11 + -15) - -5. Let c(t) = t**2 + 2*t**2 + 1 - 11*t**2 + j*t**2. Determine c(-1).
-4
Let v(l) = 7 - 1 + 9*l - 29 + l**2 + 3*l - 2*l**2. Give v(6).
13
Suppose -4*p = 16, 23 = 4*v - 2*p - 69. Let f = v + -18. Let i(y) = y**f + 4 + 3 - 2 - y + 1. Determine i(0).
6
Let d = -12826 + 12834. Let i(x) = 2*x**3 - 19*x**2 + 25*x - 13. Determine i(d).
-5
Let j(r) = r**3 + r**2 - 58*r + 128. Let t be j(3). Let v(m) = 10*m**2 - 14 + 2*m + 2*m**3 + 0*m**3 - 3*m - m**3. What is v(t)?
-4
Let x(g) be the third derivative of g**5/20 - 13*g**3/3 + 6*g**2 - 4*g. Let z(d) be the first derivative of x(d). Give z(1).
6
Let n be (236/4)/(-1*(-2 + 3)). Let c = n + 54. Let l(j) be the second derivative of j**3/2 + 3*j**2 - 2*j - 13. Give l(c).
-9
Let q(k) = -k**2 + 7*k - 9. Let z be q(6). Let j(t) be the first derivative of -t**3/3 - t**2/2 - 442. Give j(z).
-6
Let s(j) = -j**3 - 4*j**2 + 3. Let n = 85 + -82. Suppose 0 = h + 2*o - 1, 0 = 5*h + o + n*o + 7. What is s(h)?
-6
Suppose -70*j - 55*j - 250 = 0. Let h(f) = 3*f**3 + 2*f**2 - 6*f - 9. Determine h(j).
-13
Suppose 0 = -10*p + 1221 - 1161. Let a(i) be the third derivative of i**5/60 - i**4/4 - 2*i**2. Calculate a(p).
0
Let m(v) = -v**2 + 12*v + 541. Let u be m(-18). Let y(r) be the first derivative of -4*r**4 + r**3/3 - r - 2. Determine y(u).
-16
Let p(y) be 